{"id":43,"date":"2023-01-02T15:45:51","date_gmt":"2023-01-02T18:45:51","guid":{"rendered":"http:\/\/psicologia.ip.usp.br\/bemviver\/?page_id=43"},"modified":"2023-01-09T16:57:03","modified_gmt":"2023-01-09T19:57:03","slug":"noticias","status":"publish","type":"page","link":"https:\/\/psicologia.ip.usp.br\/bemviver\/noticias\/","title":{"rendered":"Not\u00edcias"},"content":{"rendered":"\n<div class=\"wp-block-columns are-vertically-aligned-top is-layout-flex wp-container-core-columns-layout-1 wp-block-columns-is-layout-flex\">\n<div class=\"wp-block-column is-vertically-aligned-top is-layout-flow wp-block-column-is-layout-flow\" style=\"flex-basis:100%\"><ul class=\"wp-block-latest-posts__list is-grid columns-3 wp-block-latest-posts\"><li><a class=\"wp-block-latest-posts__post-title\" href=\"https:\/\/psicologia.ip.usp.br\/bemviver\/2026\/02\/25\/disciplina-do-ip-usp-debate-racismo-saude-mental-e-permanencia-no-ensino-superior-com-participacao-internacional-5-vagas-para-ouvintes\/\">Disciplina do IP-USP debate racismo, sa\u00fade mental e perman\u00eancia no ensino superior, com participa\u00e7\u00e3o internacional &#8211;\u00a0 5 vagas para ouvintes<\/a><\/li>\n<li><a class=\"wp-block-latest-posts__post-title\" href=\"https:\/\/psicologia.ip.usp.br\/bemviver\/2024\/08\/23\/pesquisa-sobre-indices-de-saude-mental-de-estudantes-universitarios-da-usp\/\">Pesquisa sobre \u00edndices de sa\u00fade mental de estudantes universit\u00e1rios da USP<\/a><\/li>\n<li><a class=\"wp-block-latest-posts__post-title\" href=\"https:\/\/psicologia.ip.usp.br\/bemviver\/2024\/06\/19\/integrantes-do-bem-viver-usp-participam-de-17o-nuppec-em-debate-em-25-de-junho-de-2024\/\">Integrantes do Bem Viver USP participam de 17\u00ba NUPPEC em debate em 25 de Junho de 2024<\/a><\/li>\n<li><a class=\"wp-block-latest-posts__post-title\" href=\"https:\/\/psicologia.ip.usp.br\/bemviver\/2024\/06\/18\/seminario-aberto-19-06-2024-equidade-no-campus-promovendo-o-bem-viver-e-a-saude-mental-de-estudantes-negros-a-partir-de-abordagens-teorico-inclusivas\/\">Semin\u00e1rio Aberto | 19\/06\/2024 &#8211; &#8220;Equidade no Campus: Promovendo o bem-viver e a sa\u00fade mental de estudantes negros a partir de abordagens te\u00f3rico-inclusivas&#8221;<\/a><\/li>\n<li><a class=\"wp-block-latest-posts__post-title\" href=\"https:\/\/psicologia.ip.usp.br\/bemviver\/2024\/05\/19\/ii-semana-de-saude-mental-da-usp-se-increva\/\">II Semana de Sa\u00fade Mental da USP &#8211; Se increva!<\/a><\/li>\n<\/ul><\/div>\n<\/div>\n","protected":false},"excerpt":{"rendered":"","protected":false},"author":1,"featured_media":0,"parent":0,"menu_order":1,"comment_status":"closed","ping_status":"closed","template":"","meta":{"footnotes":""},"_links":{"self":[{"href":"https:\/\/psicologia.ip.usp.br\/bemviver\/wp-json\/wp\/v2\/pages\/43"}],"collection":[{"href":"https:\/\/psicologia.ip.usp.br\/bemviver\/wp-json\/wp\/v2\/pages"}],"about":[{"href":"https:\/\/psicologia.ip.usp.br\/bemviver\/wp-json\/wp\/v2\/types\/page"}],"author":[{"embeddable":true,"href":"https:\/\/psicologia.ip.usp.br\/bemviver\/wp-json\/wp\/v2\/users\/1"}],"replies":[{"embeddable":true,"href":"https:\/\/psicologia.ip.usp.br\/bemviver\/wp-json\/wp\/v2\/comments?post=43"}],"version-history":[{"count":2,"href":"https:\/\/psicologia.ip.usp.br\/bemviver\/wp-json\/wp\/v2\/pages\/43\/revisions"}],"predecessor-version":[{"id":368,"href":"https:\/\/psicologia.ip.usp.br\/bemviver\/wp-json\/wp\/v2\/pages\/43\/revisions\/368"}],"wp:attachment":[{"href":"https:\/\/psicologia.ip.usp.br\/bemviver\/wp-json\/wp\/v2\/media?parent=43"}],"curies":[{"name":"wp","href":"https:\/\/api.w.org\/{rel}","templated":true}]}}