{"id":460,"date":"2023-03-14T18:21:03","date_gmt":"2023-03-14T21:21:03","guid":{"rendered":"http:\/\/psicologia.ip.usp.br\/bemviver\/?page_id=460"},"modified":"2023-10-31T18:57:07","modified_gmt":"2023-10-31T21:57:07","slug":"editais","status":"publish","type":"page","link":"https:\/\/psicologia.ip.usp.br\/bemviver\/editais\/","title":{"rendered":"Editais"},"content":{"rendered":"\n<p><a href=\"http:\/\/psicologia.ip.usp.br\/bemviver\/2023\/08\/10\/grupo-de-pesquisa-psicologia-e-relacoes-etnico-raciais-abre-inscricoes-para-bolsa-de-iniciacao-cientifica-da-fapesp\/\">Edital de Bolsa de Inicia\u00e7\u00e3o Cient\u00edfica FAPESP 2023 (encerrado)<\/a><\/p>\n\n\n\n<p><a href=\"http:\/\/psicologia.ip.usp.br\/bemviver\/2023\/03\/07\/grupo-de-pesquisa-psicologia-e-relacoes-etnico-raciais-abre-inscricoes-para-bolsa-de-pos-doutorado-da-fapesp\/\">Edital Bolsa de P\u00f3s-doutorado FAPESP 2023 &#8211; Grupo Bem Viver USP (encerrado)<\/a><\/p>\n\n\n\n<p><a href=\"http:\/\/psicologia.ip.usp.br\/bemviver\/2023\/01\/05\/ola-mundo\/\">Edital Bolsa de Inicia\u00e7\u00e3o Cient\u00edfica 2023 &#8211; Grupo Bem Viver USP (encerrado)<\/a><\/p>\n\n\n\n<p><a href=\"http:\/\/psicologia.ip.usp.br\/bemviver\/2022\/09\/04\/grupo-de-pesquisa-psicologia-e-relacoes-etnico-raciais-abre-inscricoes-para-bolsa-de-treinamento-tecnico-iv-da-fapesp\/\">Edital Bolsa de Treinamento T\u00e9cnico IV 2022 &#8211; Grupo Bem Viver USP (encerrado)<\/a><\/p>\n\n\n\n<p><a href=\"http:\/\/psicologia.ip.usp.br\/bemviver\/2022\/05\/09\/grupo-de-pesquisa-psicologia-e-relacoes-etnico-raciais-abre-inscricoes-para-bolsa-de-iniciacao-cientifica-fapesp\/\">Edital de Bolsa de Inicia\u00e7\u00e3o Cient\u00edfica 2022 &#8211; Grupo Bem Viver USP (encerrado)<\/a><\/p>\n","protected":false},"excerpt":{"rendered":"<p>Edital de Bolsa de Inicia\u00e7\u00e3o Cient\u00edfica FAPESP 2023 (encerrado) Edital Bolsa de P\u00f3s-doutorado FAPESP 2023 &#8211; Grupo Bem Viver USP (encerrado) Edital Bolsa de Inicia\u00e7\u00e3o Cient\u00edfica 2023 &#8211; Grupo Bem Viver USP (encerrado) Edital Bolsa de Treinamento T\u00e9cnico IV 2022 &#8211; Grupo Bem Viver USP (encerrado) Edital de Bolsa de Inicia\u00e7\u00e3o Cient\u00edfica 2022 &#8211; Grupo [&hellip;]<\/p>\n","protected":false},"author":1,"featured_media":0,"parent":0,"menu_order":0,"comment_status":"closed","ping_status":"closed","template":"","meta":{"footnotes":""},"_links":{"self":[{"href":"https:\/\/psicologia.ip.usp.br\/bemviver\/wp-json\/wp\/v2\/pages\/460"}],"collection":[{"href":"https:\/\/psicologia.ip.usp.br\/bemviver\/wp-json\/wp\/v2\/pages"}],"about":[{"href":"https:\/\/psicologia.ip.usp.br\/bemviver\/wp-json\/wp\/v2\/types\/page"}],"author":[{"embeddable":true,"href":"https:\/\/psicologia.ip.usp.br\/bemviver\/wp-json\/wp\/v2\/users\/1"}],"replies":[{"embeddable":true,"href":"https:\/\/psicologia.ip.usp.br\/bemviver\/wp-json\/wp\/v2\/comments?post=460"}],"version-history":[{"count":5,"href":"https:\/\/psicologia.ip.usp.br\/bemviver\/wp-json\/wp\/v2\/pages\/460\/revisions"}],"predecessor-version":[{"id":676,"href":"https:\/\/psicologia.ip.usp.br\/bemviver\/wp-json\/wp\/v2\/pages\/460\/revisions\/676"}],"wp:attachment":[{"href":"https:\/\/psicologia.ip.usp.br\/bemviver\/wp-json\/wp\/v2\/media?parent=460"}],"curies":[{"name":"wp","href":"https:\/\/api.w.org\/{rel}","templated":true}]}}